- 7. What is j(7)?
-7
Let s(m) = 8*m**2 + 2*m - 5. Determine s(2).
31
Let t(a) = -a**3 - 2*a**2 + 25*a - 1. Give t(-6).
-7
Let x(c) = 28*c**3 + 1. Determine x(1).
29
Let w(k) = -2*k**3 + 46*k**2 - 2*k + 21. Give w(23).
-25
Let u(z) = -57*z**2 - 171*z + 2. Determine u(-3).
2
Let q(p) = 2*p**2 + 3*p - 2. Calculate q(6).
88
Let v(y) = y**2 + 27*y - 10. Give v(-25).
-60
Let q(c) = -c**3 + 6*c**2 + c - 7. What is q(6)?
-1
Let d(u) = 19*u + 81. What is d(-4)?
5
Let g(u) = 41*u + 1. Give g(-1).
-40
Let g(a) = a**3 + 8*a**2 - 9*a - 10. What is g(-9)?
-10
Let b(t) = -2*t - 15. Give b(7).
-29
Let u(s) = s**3 - 5*s**2 - 21*s - 4. Calculate u(8).
20
Let o(c) = -4*c + 77. Give o(13).
25
Let l(d) = -d**3 + 10*d**2 - 3*d + 7. Give l(10).
-23
Let f(d) = -35*d**2 - 5*d - 2. What is f(2)?
-152
Let g(l) = -l**3 + 9*l**2 + 5*l - 6. Give g(9).
39
Let t(a) = -a**2 - 10*a + 50. Give t(-13).
11
Let s(n) = n**3 - 30*n**2 - 32*n + 34. What is s(31)?
3
Let d(m) = -m**3 + 8*m**2 - 12*m - 7. Give d(3).
2
Let w(u) = u + 10. Give w(-9).
1
Let j(z) = z**3 + 5*z**2 - 7*z - 5. Calculate j(-6).
1
Let t(q) = -q**2 - 14*q - 19. Determine t(-13).
-6
Let s(r) = r + 16. Determine s(-13).
3
Let b(i) = 2*i**2 - 15*i + 1. What is b(8)?
9
Let r(s) = -s**2 - 55*s - 166. Calculate r(-52).
-10
Let u(i) = i**3 - 2*i**2 + 2*i - 2. Determine u(4).
38
Let q(y) = -13*y + 189. What is q(15)?
-6
Let m(r) = r**2 + 8*r + 4. Give m(-6).
-8
Let w(d) = -d**3 + 6*d**2 + 5*d. Give w(4).
52
Let g(a) = -a**3 + 8*a**2 - 9*a + 20. Calculate g(7).
6
Let o(w) = 3*w + 2. Determine o(1).
5
Let v(t) = -t**2 + 16*t - 62. Calculate v(11).
-7
Let p(m) = -10*m - 202. Calculate p(-17).
-32
Let n(l) = -l**3 - 5*l**2 - l + 1. What is n(-5)?
6
Let t(n) = 2*n**2 + 25*n + 52. What is t(-9)?
-11
Let w(u) = -u**2 - 10*u - 31. Give w(-6).
-7
Let c(g) = -g - 25. Give c(30).
-55
Let f(l) = -l + 7. Calculate f(-17).
24
Let y(d) = d**2 + 10*d + 22. What is y(-3)?
1
Let b(m) = -4*m + 8. Determine b(4).
-8
Let m(g) = 5*g - 198. Determine m(39).
-3
Let x(b) = -11*b - 4. Give x(3).
-37
Let g(l) = -l**3 + 15*l**2 - 27. Determine g(15).
-27
Let q(v) = -8*v - 1. Calculate q(4).
-33
Let k(f) = -8*f**2 + 8*f - 4. Calculate k(3).
-52
Let r(l) = l**3 + 13*l**2 + 36*l. Give r(-4).
0
Let x(g) = 2*g - 36. Calculate x(18).
0
Let w(c) = -2*c**3 - c**2 - c. Determine w(-1).
2
Let x(k) = -29*k - 236. Calculate x(-8).
-4
Let v(t) = -4*t**3 + 15*t**2 + t - 8. Determine v(4).
-20
Let o(l) = -3*l**2 - 58*l - 8. Determine o(-19).
11
Let y(n) = n**3 - 5*n**2 - 2*n + 7. Determine y(6).
31
Let u(t) = -t**2 - t + 5. Give u(0).
5
Let y(t) = t**2 - 9*t + 9. Calculate y(8).
1
Let c(g) = -21*g + 21. What is c(3)?
-42
Let b(o) = -3*o - 45. Determine b(-6).
-27
Let s(k) = -k**2 + 19*k + 88. Determine s(23).
-4
Let x(w) = -w**3 + 15*w**2 - 46*w + 32. What is x(11)?
10
Let s(y) = -2*y**2 + 3*y + 2. Give s(4).
-18
Let l(n) = -2*n**3 + 4*n + 11. What is l(0)?
11
Let v(j) = -2*j + 14. Calculate v(5).
4
Let p(m) = -3*m**2 - 11*m + 6. Determine p(-4).
2
Let b(l) = -l**2 + 18*l - 23. Give b(17).
-6
Let t(i) = 3*i**2 + 30*i - 9. What is t(-11)?
24
Let h(n) = -n**3 + 11*n**2 + 2*n + 17. Determine h(11).
39
Let k(m) = -13*m**2 + 3*m - 2. Give k(1).
-12
Let a(i) = -i**3 - 7*i**2 - 10*i + 8. What is a(-4)?
0
Let p(f) = -f**2 + 2*f + 4. What is p(3)?
1
Let h(r) = r**3 + 8*r**2 + 3*r + 6. Calculate h(-8).
-18
Let k(y) = -5*y + 82. Give k(14).
12
Let x(d) = 76*d**2 + 2*d + 1. Give x(-1).
75
Let b(g) = -2*g**2 + g - 1. What is b(3)?
-16
Let n(i) = 6*i**3 + 4*i + 2. Determine n(2).
58
Let o(k) = -k**3 + 6*k**2 + k - 10. Give o(7).
-52
Let f(k) = 11*k**2 - 129*k - 36. Give f(12).
0
Let t(k) = k - 90. Determine t(0).
-90
Let s(w) = w**3 - 15*w**2 - 18*w + 30. What is s(16)?
-2
Let i(y) = y**2 - 24*y + 19. Calculate i(24).
19
Let v(q) = -5*q - 135. What is v(-26)?
-5
Let m(j) = -j**2 - 2*j - 45. Calculate m(0).
-45
Let d(h) = h**3 + 16*h**2 - 17*h + 2. Give d(-17).
2
Let x(t) = -7*t**2 - 28*t. Determine x(-4).
0
Let p(t) = -3*t**2 - 33*t + 3. Calculate p(-11).
3
Let l(h) = h**2 - 9*h - 153. Calculate l(-10).
37
Let r(j) = -j**3 + 11*j**2 - 11*j - 10. Give r(10).
-20
Let u(r) = -r**3 + 6*r**2 - 11*r - 1. What is u(5)?
-31
Let a(o) = o - 22. Calculate a(24).
2
Let v(a) = a**3 - 9*a**2 + 9*a + 16. Calculate v(7).
-19
Let v(l) = 4*l**3 - 18*l + 19. Determine v(1).
5
Let t(w) = 7*w + 10. Give t(-2).
-4
Let f(z) = -z**2 + 12*z - 24. Calculate f(9).
3
Let j(i) = i - 20. Determine j(7).
-13
Let m(j) = j**2 - 3*j - 33. Give m(7).
-5
Let z(k) = -k**2 + 15*k - 59. Give z(6).
-5
Let y(s) = 4*s**2 + s - 1. Give y(-2).
13
Let t(c) = -c**3 - 3*c**2 + c - 6. What is t(0)?
-6
Let s(d) = d**3 - 5*d**2 + 5*d. What is s(3)?
-3
Let y(h) = h**3 - 5*h**2 - 11*h + 8. Determine y(6).
-22
Let s(c) = 11*c + 146. Give s(-15).
-19
Let f(t) = t**2 - 24*t - 30. Give f(25).
-5
Let m(t) = -t**2 + 2*t + 15. Give m(0).
15
Let p(u) = u**3 - 30*u**2 - 3*u - 31. Give p(30).
-121
Let q(w) = -w**3 - 3*w**2 - 3*w - 7. Calculate q(-3).
2
Let n(t) = t - 10. Give n(0).
-10
Let k(j) = j**3 - 9*j**2 - j + 9. Give k(8).
-63
Let g(m) = m**2 - 3*m - 2. Determine g(8).
38
Let t(h) = -2*h**2 + h + 1. Give t(-3).
-20
Let l(v) = -4*v**2 - v - 10. Give l(3).
-49
Let d(o) = o**2 - 12*o + 3. Calculate d(13).
16
Let u(f) = -f**3 + 3*f**2 + 8*f - 8. Give u(2).
12
Let k(j) = -j**3 + 5*j**2 + 2*j - 7. Give k(5).
3
Let x(d) = -d**3 + d**2 + d + 11. What is x(0)?
11
Let z(b) = 19*b + 83. Give z(-5).
-12
Let r(z) = 6*z**2 - 4*z + 2. Determine r(2).
18
Let z(b) = b**3 - 2*b**2 - 4*b - 3. Calculate z(4).
13
Let s(x) = -x + 15. What is s(9)?
6
Let i(u) = u**3 + 5*u**2 + 4*u - 7. Calculate i(-5).
-27
Let l(f) = 22*f + 44. What is l(-9)?
-154
Let c(h) = 16*h**3 + h. Give c(1).
17
Let k(o) = o**3 + 7*o**2 + 4*o + 6. What is k(-7)?
-22
Let t(o) = -5*o + 73. Give t(11).
18
Let o(x) = x + 25. Give o(-5).
20
Let f(y) = y**3 + 14*y**2 - 18*y + 11. Give f(-15).
56
Let m(p) = -p**3 + 4*p**2 + 9*p - 11. Give m(6).
-29
Let y(k) = -k**2 + 2*k - 1. Determine y(3).
-4
Let k(z) = 2*z + 8. Give k(-13).
-18
Let k(n) = 2*n**3 + n**2 - 1. Calculate k(2).
19
Let z(d) = 34*d - 581. Determine z(17).
-3
Let c(k) = k**3 - 12*k**2 + 12*k - 6. What is c(11)?
5
Let n(w) = -4*w**2 - 2*w - 1. Calculate n(0).
-1
Let z(y) = 5*y - 8. Determine z(2).
2
Let k(w) = -2*w - 34. Determine k(-15).
-4
Let o(i) = 2*i**2 + 8*i - 7. Calculate o(-5).
3
Let x(a) = a**2 - 6*a + 5. Calculate x(3).
-4
Let o(b) = -b**2 + 2*b + 56. Determine o(-9).
-43
Let v(g) = -7*g - 87. Calculate v(-13).
4
Let b(z) = -49*z + 5. Determine b(-3).
152
Let p(t) = 6*t + 35. Calculate p(-5).
5
Let q(h) = 5*h + 12. What is q(-5)?
-13
Let q(t) = -t**2 - 3*t + 2. Calculate q(0).
2
Let x(g) = 7*g + 153. Determine x(-24).
-15
Let p(t) = t**3 - 7*t**2 + 6*t - 2. Determine p(5).
-22
Let p(j) = -j**2 - 12*j - 21. Calculate p(-10).
-1
Let g(x) = 4*x + 23. Calculate g(-7).
-5
Let r(c) = c**3 + 10*c**2 + 6*c - 21. Determine r(-9).
6
Let s(r) = r**2 - 3*r + 6. What is s(6)?
24
Let h(o) = 3*o**2 - 2*o - 1. Give h(-1).
4
Let n(l) = -l**3 - l**2 - 8*l + 6. Determine n(0).
6
Let l(g) = g. Calculate l(0).
0
Let t(f) = -f**3 + 6*f**2 - 29. Give t(4).
3
Let z(n) = -55*n + 6. Give z(2).
-104
Let u(y) = -y**2 + 50*y + 53. Give u(51).
2
Let l(g) = 2*g + 7. Calculate l(6).
19
Let u(z) = z - 1. What is u(-4)?
-5
Let p(r) = r**2 + 5*r - 2. Determine p(-7).
12
Let s(x) = x**3 + 22*x**2 - 9*x + 328. Give s(-23).
6
Let j(p) = -p**2 - 26*p - 178. What is j(-14)?
-10
Let n(h) = 5*h**2 - 12*h - 5. Determine n(3).
4
Let b(f) = f**2 - 7*f - 4. Calculate b(-5).
56
Let b(h) = h**2 + 17*h + 46. Calculate b(-13).
-6
Let u(s) = -8*s - 88. What is u(-11)?
0
Let p(u) = -u**3 - 10*u**2 + 9*u - 3. Calculate p(-11).
19
Let i(c) = c**3 - 7*c**2 - 2*c - 6. Calculate i(7).
-20
Let c(b) = 32*b**2 - 37*b + 3. Give c(1).
-2
Let o(m) = m**2 - 3*m - 62. Determine o(-6).
-8
Let y(t) = t**2 - 7*t - 15. Determine y(9).
3
Let s(z) = 4*z - 13. What is s(2)?
-5
Let u(f) = f**2 - f - 4. What is u(2)?
-2
Let c(g) = g**2 + 5*g + 5. Determine c(-5).
5
Let m(v) = -v**3 - 5*v**2 - 5*v - 2. Give m(-4).
2
Let w(j) = j**2 - 10*j - 7. Give w(10).
-7
Let g(m) = m**3 - 18*m**2 - 62*m - 21. Determine g(21).
0
Let q(u) = u**3 + 8*u**2 + 5*u + 7. Determine q(-4).
51
Let b(c) = -4*